 m and t.
19
Let a(i) = -i**3 + 12*i**2 - 13*i + 8. Let o be a(8). What is the highest common factor of 16 and o?
16
Let t be -4 + 2 - (-8)/2. Let w be (t/1)/2 - -19. Calculate the greatest common divisor of w and 10.
10
Let t(y) = y + 2. Let i be t(1). Suppose 0 = -i*p - 2*p + 125. Calculate the greatest common factor of p and 25.
25
Let i be (-44)/(-12)*(-3 + 6). Let h = -3 - -4. What is the greatest common divisor of i and h?
1
Suppose -g = 2*g - 480. Let l = 3 - 93. Let m = l + g. What is the highest common factor of m and 28?
14
Let j = -2 + 7. Suppose -j*d - 2 = 28. Let l = 10 + d. What is the highest common factor of 8 and l?
4
Let z = -13 - -9. Let j be z/(-6)*84/8. Suppose -9 = -x + 33. Calculate the highest common divisor of j and x.
7
Let o(a) = -a**2 + 6*a - 7. Let k be o(3). Suppose 7*h + 2*t - 227 = k*h, -5*h = t - 226. Calculate the highest common factor of h and 15.
15
Suppose 0 = -x + 5 + 10. Suppose -40 - x = -5*t. Calculate the highest common divisor of t and 11.
11
Suppose 18 = 2*d - 0. Let u(t) = -t**3 - t**2 + 7*t + 7. Let v be u(-5). Calculate the highest common factor of v and d.
9
Suppose -4*g - 2*q + 26 = 0, -5*g + q + 36 + 7 = 0. Suppose -2*h + 4 = 0, 0 = 2*m - m - 5*h - 46. What is the greatest common divisor of m and g?
8
Let k = 11 + -7. Suppose -137 + 713 = k*o. Calculate the highest common factor of 18 and o.
18
Suppose -6*i + 97 = -155. Let h = -1 + 15. Calculate the highest common divisor of h and i.
14
Let o = 95 - 41. Suppose -j - 5 = 4*i, 3*i + 2*i - 150 = 5*j. Let w be (10/j)/(1/(-15)). What is the greatest common factor of o and w?
6
Suppose x = 3*c - 6 - 9, 0 = -c - 3*x - 5. Suppose 0*b - b = -2. What is the greatest common factor of b and c?
2
Let a be (-2)/(-6) + 2/(-6). Suppose a*h - 2*h + 40 = 0. Let m(v) = -v + 14. Let l be m(10). Calculate the greatest common factor of h and l.
4
Suppose -2*i - 4*d = -102, -i + 29 = d - 19. Let j be (-24)/7*(-5 + -2). Let h = j - 6. Calculate the greatest common divisor of h and i.
9
Let y = 185 - 77. Suppose -2*i - 48 = -6*i. Calculate the greatest common divisor of y and i.
12
Suppose c - 185 = -2*b, -2 = -2*c - 4. Suppose -y + b = -0*y - 4*v, 249 = 3*y - 2*v. Let m be y/2*6/9. What is the greatest common divisor of m and 18?
9
Suppose 3*i = -g + 17, -g + 0*i + 2*i - 3 = 0. Calculate the highest common factor of g and 10.
5
Let y be (11 - 8) + (2 - 1). What is the highest common factor of 36 and y?
4
Let d = 9 + 31. Calculate the highest common factor of 10 and d.
10
Let g(d) = -1 - 9*d - 1 - 3. Let b be g(-3). What is the highest common factor of b and 55?
11
Let t be 66/(-1 + 28/16). Suppose 6 = z - 2*z. Let y(n) = n**2 + 4*n - 4. Let l be y(z). What is the greatest common factor of l and t?
8
Let d be (-10)/(25/5) - -13. Calculate the greatest common factor of 22 and d.
11
Suppose -d + 123 = -21. Suppose -47*s = -30*s - 272. Calculate the highest common divisor of s and d.
16
Let i(m) = m**3 + 5*m**2 + 3*m + 1. Let w be i(-4). Suppose 3*b + w = 53. What is the greatest common divisor of 2 and b?
2
Suppose 3 = 3*d, -2*d + 110 = 2*u + u. Calculate the greatest common divisor of 54 and u.
18
Let i be 2/(2 - 40/18). Let n = i + 18. What is the highest common factor of 1 and n?
1
Suppose 3*m + m - 4 = 0. Let a = 3 + m. Let d(y) = -y**3 + 2*y**2 + 2*y - 3. Let s be d(2). Calculate the highest common factor of s and a.
1
Let i be 3*19/(-9)*-3. What is the greatest common factor of i and 38?
19
Let a be (-3*(-10)/6)/(1/2). Let h(z) = 27*z**3 + z. Let k be h(-1). Let s be (k/10)/(1/(-25)). Calculate the highest common divisor of a and s.
10
Let o(q) = 8*q**2 + 3*q. Let a be 1/(2 + 10/(-4)). Let k be o(a). Calculate the greatest common factor of 13 and k.
13
Suppose 2*k = 3 - 9. Let f = 5 - k. Calculate the highest common divisor of f and 12.
4
Let j(g) = -g**2 - 7*g. Let o be j(-5). Let r(b) = -b**2 + 13*b + 13. Let t be r(12). What is the highest common divisor of o and t?
5
Suppose -340 = -5*a - 70. What is the greatest common factor of 6 and a?
6
Let m = 6 + -2. Suppose 2*u - 59 - 57 = -4*g, 4*g = u + 128. Suppose -6 = -q - 3, -p - q = -g. What is the highest common divisor of m and p?
4
Let i = 18 + 37. Suppose i = 2*g + 3*g. Let b(r) = r**2 - 10*r - 8. Let j be b(-6). Calculate the greatest common divisor of j and g.
11
Let a(s) = s**3 + 6*s**2 + 5*s + 2. Let j be a(-4). Calculate the greatest common factor of j and 7.
7
Let q be 2 + -1 + 1 + 33. Suppose -5*m + 15 = -3*m - 5*g, 4*m - q = 5*g. Let x be m + ((-6)/3)/1. Calculate the greatest common divisor of x and 8.
8
Let w = 7 - -17. Calculate the highest common divisor of 6 and w.
6
Let a(f) = f**2 - 2*f. Let l be a(3). Let c be 4 + (-1412)/(8/(-2)). Suppose -5*u + l = -c. What is the highest common divisor of 12 and u?
12
Let r = -196 + 222. Let o(x) = 77*x**2 + x. Let i be o(1). Calculate the greatest common factor of i and r.
26
Suppose 2*l + 3*j + 57 = 0, -4*l + j - 79 = -0*l. Let o = 86 + l. Calculate the highest common factor of 26 and o.
13
Let o(k) = 89*k**3 + k**2 + k - 1. Let n be o(1). Suppose 5*f + 110 = -0*f. Let i = f - -32. What is the highest common factor of i and n?
10
Let q be -2 - ((-8)/(-1))/(-2). Suppose 0*u - u - 7 = -q*p, -4*p = -4*u - 24. Let v = 3 - u. What is the highest common factor of v and 16?
8
Let f = 22 + 19. Let s = f - 26. Suppose -h = 1 - s. What is the greatest common divisor of h and 21?
7
Let t(p) = -p**3 - 3*p**2 - 4*p - 2. Let b be t(-3). What is the highest common factor of 20 and b?
10
Let x(m) = -4*m - 10. Let p be x(-6). Suppose 0 = -2*r + 8, -2*t + 3*r + 18 - 2 = 0. Calculate the greatest common divisor of p and t.
14
Let j = 26 - -73. What is the greatest common divisor of 33 and j?
33
Let v = -385 + 803. What is the highest common factor of 38 and v?
38
Let t = 34 - -1. Let o be (t - 8)/(2/6). What is the highest common factor of 9 and o?
9
Suppose 3*b - 16 = b. Let q be (-4)/(-12) + b/3. Calculate the highest common divisor of q and 6.
3
Suppose -p + 400 = 3*p. Calculate the highest common divisor of p and 60.
20
Suppose 52 + 48 = 5*w. Let v = -65 + 95. Calculate the greatest common factor of w and v.
10
Let c be 2/(-3*(-3)/27). Let l(p) = -p**2 + 8*p - 3. Let h be l(6). Calculate the highest common divisor of h and c.
3
Let d be 4/(-14) + (-185)/(-35). Suppose 0 = -5*q + d*o + 15, 3*q - 5*o = 4 + 11. Suppose -2*u + 339 - 99 = q. Calculate the greatest common factor of u and 15.
15
Suppose -49 = -3*d + 5*o, 5*o + 2 = -2*d - 7. Suppose 0 = 4*t - 0*t + 3*l - 39, -l = 3. What is the greatest common divisor of t and d?
4
Suppose 5*p - 59 = 4*h + 57, 3*p = 3*h + 87. Let d = h - -55. What is the highest common divisor of 13 and d?
13
Let f = -33 - -46. Calculate the highest common factor of 65 and f.
13
Let o(v) = -v**2 + 5*v. Let r be o(6). Let j be -2 - (r + 1 - 1). Let z be 1/(j/2 + -1). What is the highest common divisor of 2 and z?
1
Let m = 48 - -56. Suppose 0 - 1 = -t + s, s = -5*t + 5. Let r be (-78)/30*(-5)/t. What is the greatest common factor of r and m?
13
Let r be (0 + 5)/1*1. Let w = 86 - 31. Calculate the highest common factor of r and w.
5
Let m(d) = -3*d**2 + 1. Let r be m(1). Let n be 2 + 2 + (1 - r). What is the highest common divisor of n and 56?
7
Let o be (-4)/(-10)*-12*-5. Let c be (-30)/105 + (-228)/(-14). Calculate the greatest common factor of c and o.
8
Let z(p) = -p**3 + p**2 - p + 171. Let t be z(0). Suppose 6*w - 2*w - 15 = -c, 5*c - 91 = -4*w. Calculate the highest common factor of c and t.
19
Let n = 12 - 8. Let s(y) be the third derivative of y**5/12 - y**4/6 + y**3 - 2*y**2. Let u be s(n). Calculate the greatest common factor of 10 and u.
10
Suppose -6*h - 3*o + 41 = -2*h, h + 4 = 4*o. Suppose -4*a + 4*b + 28 = 0, -3 = -a - 0*a + 5*b. Calculate the greatest common factor of h and a.
8
Let v be -4*3/(-12) + 1. Suppose 127 = v*k + 15. What is the highest common factor of k and 7?
7
Let v = 14 - 20. Let q be -1 + 1 - (v - 75). Calculate the greatest common divisor of q and 9.
9
Let d = 19 + -31. Let t be d/(-2) + -1 + 2. Let h(g) = 14*g. Let w be h(4). Calculate the greatest common divisor of w and t.
7
Suppose 3*p - 12 = 5*b - 56, -4*b + 34 = -3*p. What is the greatest common factor of 70 and b?
10
Suppose -3*t - 6 = -3*a, a - 4 = 5